3636 - -36?
4005
In base 14, what is -199aa - 4?
-199b0
In base 5, what is -112 + -31242410?
-31243022
In base 7, what is -66610 - -1?
-66606
In base 6, what is 3032 + 135?
3211
In base 15, what is 1ca + 6bac?
6d87
In base 4, what is 30 - -1120322?
1121012
In base 2, what is 10010011011111100 - 10?
10010011011111010
In base 10, what is 29562 - 3?
29559
In base 14, what is -1a + -a3d?
-a59
In base 2, what is 101 - -111011100111101?
111011101000010
In base 16, what is -2c80 + 135?
-2b4b
In base 5, what is 0 + -23332240?
-23332240
In base 10, what is -4 + 52965?
52961
In base 15, what is -55 - 94?
-e9
In base 11, what is 62486 + -5?
62481
In base 16, what is -1a09 + b1?
-1958
In base 5, what is 211 + -1031?
-320
In base 15, what is 709c2 - 2?
709c0
In base 8, what is 11 + 27632?
27643
In base 6, what is -31003 - -110?
-30453
In base 7, what is -43651 + 3?
-43645
In base 7, what is 2321 + -44?
2244
In base 6, what is -5 + -12014544?
-12014553
In base 16, what is -4d + -1c9b?
-1ce8
In base 11, what is -777 + 520?
-257
In base 8, what is -131 - 1273?
-1424
In base 11, what is 32a - -395?
714
In base 12, what is -201 - -22?
-19b
In base 16, what is -39a7 + c1?
-38e6
In base 2, what is -10110011 - 100000?
-11010011
In base 10, what is -18 + -55?
-73
In base 3, what is -1 + -2010122020112?
-2010122020120
In base 14, what is 5 - 2a1?
-29a
In base 13, what is -617 + 45?
-5a2
In base 5, what is 3440 + 141?
4131
In base 6, what is 0 + -143413?
-143413
In base 14, what is 32d7 + -8?
32cd
In base 8, what is 26 - 1026?
-1000
In base 9, what is -365 - -3888?
3523
In base 9, what is -42 - 38520?
-38562
In base 2, what is 1 + 1000110100011000?
1000110100011001
In base 3, what is 11 + 1221210220002?
1221210220020
In base 10, what is 274 + -131?
143
In base 2, what is 10101101000110111 + 1000?
10101101000111111
In base 4, what is -12 - -213312303?
213312231
In base 16, what is -5ace + 3?
-5acb
In base 15, what is -299c - 15?
-29b2
In base 13, what is 32 + -104a?
-1018
In base 13, what is 36a - a65?
-6c8
In base 10, what is 88 - 438?
-350
In base 2, what is 1100101011111 - 11001?
1100101000110
In base 2, what is 11110110001100 - -11001?
11110110100101
In base 4, what is 100100 - 30022?
10012
In base 16, what is -7 + -b97a?
-b981
In base 10, what is 4462 + 43?
4505
In base 2, what is 10000010 + 111110110111?
1000000111001
In base 9, what is 2 + 22310?
22312
In base 9, what is -2 + -123887?
-124000
In base 10, what is 631 - -35?
666
In base 8, what is -110371 + 3?
-110366
In base 15, what is 6 - ead?
-ea7
In base 7, what is -11302120 + 6?
-11302111
In base 2, what is -110010 + 1000000100010?
111111110000
In base 9, what is 4513 + -5?
4507
In base 5, what is 341 - 2012?
-1121
In base 15, what is -28da - 13a?
-2a25
In base 11, what is 114 - 5308?
-51a4
In base 9, what is 74 - -166?
251
In base 13, what is -1 + -16bb4?
-16bb5
In base 8, what is 4 - -5500?
5504
In base 8, what is -6203 + -105?
-6310
In base 13, what is -2 - 17a800?
-17a802
In base 16, what is -6fa - -7?
-6f3
In base 2, what is -11 - 110111111101000?
-110111111101011
In base 13, what is 2 - 7a8?
-7a6
In base 12, what is -2a3a - 14?
-2a52
In base 9, what is 214 + -6225?
-6011
In base 8, what is 14455 - 151?
14304
In base 15, what is -126eb3 - 1?
-126eb4
In base 5, what is 31103214 + 10?
31103224
In base 4, what is 1101312222 - 11?
1101312211
In base 6, what is -254340 - -442?
-253454
In base 3, what is -2 - -200120200110?
200120200101
In base 3, what is 20011 + 1220111?
2010122
In base 4, what is -111011 + 10?
-111001
In base 16, what is -a + 789c?
7892
In base 7, what is 4141 + -1353?
2455
In base 13, what is -159 + -1b2?
-33b
In base 5, what is 21 - -21404?
21430
In base 8, what is 10 - 32212?
-32202
In base 3, what is 1122001 + 12?
1122020
In base 16, what is 1 - -88e4?
88e5
In base 15, what is 9a07 + -24?
99d3
In base 3, what is 1201 + 222102?
1001010
In base 6, what is -3 - -434?
431
In base 16, what is -39c6 - -60?
-3966
In base 2, what is 1110101011111010 + 1010?
1110101100000100
In base 15, what is 3a + -156?
-11b
In base 6, what is -14434 - 233?
-15111
In base 14, what is -10b27 + -15?
-10b3c
In base 12, what is 1114b - 0?
1114b
In base 16, what is 4 + -21f1?
-21ed
In base 13, what is 79b - -167?
935
In base 6, what is -32422051 - -1?
-32422050
In base 9, what is -14080 + 11?
-14068
In base 4, what is 31 + -1310?
-1213
In base 10, what is 171 - -178?
349
In base 6, what is 1102302 + -141?
1102121
In base 16, what is -1 + -b60?
-b61
In base 16, what is -3943 + -13?
-3956
In base 14, what is -3 - 21727?
-2172a
In base 15, what is -2b193 + -5?
-2b198
In base 2, what is 1010011010100011010 + -100?
1010011010100010110
In base 12, what is 8ba71 + 10?
8ba81
In base 2, what is -1 + -110011111111000?
-110011111111001
In base 4, what is -2300 - -21031?
12131
In base 14, what is -6a + 891?
825
In base 3, what is 100220101002120 + -10?
100220101002110
In base 3, what is -10101 + -1010?
-11111
In base 11, what is 20233 + -4?
2022a
In base 13, what is -1c1 - 3299?
-348a
In base 5, what is 1200 - -13224?
14424
In base 15, what is 1a17 + -258?
17ae
In base 6, what is -12305132 + 1?
-12305131
In base 14, what is 1d - -29d7d?
29d9c
In base 14, what is 390ad - -1?
390b0
In base 3, what is -110010 + 20100112?
12220102
In base 13, what is -44b + -46?
-494
In base 13, what is -80104 + -3?
-80107
In base 11, what is -153370 + 1?
-15336a
In base 9, what is 12177 + -5?
12172
In base 14, what is 119 - 537b?
-5262
In base 3, what is 20100 + 102112?
122212
In base 16, what is 3c - -3660?
369c
In base 11, what is 8 - 253?
-246
In base 4, what is -2 - 230200100?
-230200102
In base 10, what is 1 - 80911?
-80910
In base 5, what is -12044 + -212?
-12311
In base 15, what is 3 + b573?
b576
In base 10, what is 32060 - -8?
32068
In base 4, what is -10133002 + 10?
-10132332
In base 13, what is 4898 - 16?
4882
In base 5, what is -1 + -411141?
-411142
In base 2, what is -1001010110 + -1000100?
-1010011010
In base 6, what is -24212531 - 4?
-24212535
In base 6, what is 444405 + 20?
444425
In base 11, what is -310 - -159?
-162
In base 8, what is 705 + 43?
750
In base 2, what is 100101001001 - -1?
100101001010
In base 6, what is -10043 - -44?
-5555
In base 12, what is 65a + 0?
65a
In base 6, what is -35 - -1424101?
1424022
In base 4, what is 302 - 11210231?
-11203323
In base 2, what is 1001011110001111011 - 10101?
1001011110001100110
In base 9, what is 0 + 1425?
1425
In base 12, what is 292303 + -2?
292301
In base 6, what is 350 - 5545?
-5155
In base 10, what is -58 - -2082?
2024
In base 3, what is -1201 + 1120102?
1111201
In base 12, what is 2360b - -2a?
23639
In base 8, what is -5720 - -16?
-5702
In base 10, what is -545 + 113?
-432
In base 2, what is -101111110011 - -101?
-101111101110
In base 8, what is 17776 + 205?
20203
In base 12, what is -72 - 244?
-2b6
In base 13, what is 3b + 49bc?
4a2a
In base 6, what is 115204 - 45?
115115
In base 13, what is -a2417 + 3?
-a2414
In base 11, what is -2 + -19687?
-19689
In base 7, what is 10216255 + -4?
10216251
In base 16, what is -14 + 323?
30f
In base 9, what is 477 - 113?
364
In base 5, what is 22401 + 113?
23014
In base 16, what is 15f + 135?
294
In base 7, what is -142131 + -2?
-142133
In base 8, what is 330770 - -4?
330774
In base 13, what is 19c110c + -2?
19c110a
In base 6, what is 201410031 + -3?
201410024
In base 14, what is -bd - -b7d?
aa0
In base 15, what is -6 - 9362?
-9368
In base 8, what is -567 - 1105?
-1674
In base 12, what is -3 + 6980?
6979
In base 4, what is -131321111 + 2?
-131321103
In base 2, what is -1011010100100001 - 11101?
-1011010100111110
In base 9, what is 1 - 62627?
-62626
In base 6, what is -10345315 + 5?
-10345310
In base 6, what is -2115435 + -1?
-2115440
In base 2, what is -11100001011010101 + 1100?
-11100001011001001
In base 3, what is 121212101 - 10?
121212021
In base 4, what is 3012132 - -2?
3012200
In base 14, what is 17a + -15d?
1b
In base 11, what is 5 + -14367?
-14362
In base 12, what is 94 + -16b3?
-161b
In base 10, what is 1466 + 1194?
2660
In base 13, what is -3961 - 2c6?
-3c57
In base 10, what is 478 + -20?
458
In base 6, what is -4015 - 30?
-4045
In base 12, what is 12 + -1a230?
-1a21a
In base 2, what is -10001000100010 + -1110?
-10001000110000
In